 of x(5)?
4
Let s(a) be the first derivative of -23*a**4/4 + 2*a**3/3 + a**2 + a + 2. Let y(w) = w**3 - 4*w**2 - 1. Let p be y(4). What is the units digit of s(p)?
4
Let c(m) = m**3 + 5*m**2 + 2*m - 5. Suppose 6*q - 11*q + 15 = 0. Suppose 2*k + q + 5 = 0. What is the units digit of c(k)?
3
Suppose -16 = -f - 3*s - 2*s, -156 = -4*f + 3*s. Suppose -r - r = 3*k - 28, -k = -2*r + f. Suppose -w = -2*w + r. What is the tens digit of w?
1
Suppose 5 + 13 = -2*y. Let i = y - -66. What is the units digit of 152/i*9/4?
6
Let p(n) = n - 11. Let y be p(16). Suppose 3*x - 61 - y = 0. What is the units digit of x?
2
Let o be -3 - ((-4 - 43) + -4). Let f = -121 + o. Let d = f - -120. What is the tens digit of d?
4
Let x(a) = 10*a**2 - 7*a + 4. Let i be x(-6). Suppose 5*k = 5*d + 4*k - i, d - 4*k = 85. What is the tens digit of d?
8
Let g be (0 - -6)/((-5)/10*4). Let i(h) = -8*h**3 + 2*h + 7. What is the hundreds digit of i(g)?
2
Suppose 360 = -7*k + 12*k. Suppose -k = -199*n + 197*n. What is the tens digit of n?
3
Suppose -n - 4*n = -g + 3, 4*g - 2*n = 12. What is the tens digit of 80/g - (-40)/(-60)?
2
Suppose -1 = 2*x - 3*x. What is the units digit of (x - 86/4)/((-11)/22)?
1
Let o be ((-1)/((-9)/(-30)))/((-3)/333). Suppose -6*b + 547 = -3*b + 5*y, -2*b = 2*y - o. What is the hundreds digit of b?
1
Suppose 4*j - 20 = 2*h - 2, -5*j + 50 = 3*h. Suppose q - 48 = -2*g + j, 0 = 3*q - 15. What is the units digit of g?
5
Let a be 950 + 4/(0 - 2). Suppose -2*k - 4*c = 912, 5*k - 3*k + a = 5*c. What is the units digit of (-12)/(-78) + k/(-26)?
8
Suppose 5*s = 1793 + 5162. What is the units digit of s?
1
Let f(z) = -2*z**3 + 47*z**2 + 17*z - 20. What is the thousands digit of f(14)?
3
What is the thousands digit of 4577 + 81 + (-4*2 - 0)?
4
Let f(z) = z - 9. Let u(r) = -3*r - 2. Let n be u(-6). Let h be f(n). Suppose -6*l - 5*b - h = -4*l, 5*l = 2*b + 26. What is the units digit of l?
4
Let r(m) be the first derivative of 1/4*m**4 - 1 + 2*m**3 + 8*m + 1/2*m**2. What is the units digit of r(-5)?
8
Let m be ((-8)/(-6))/((-2)/33). Let s = m + 78. What is the units digit of s?
6
Let a = 362 + 142. What is the units digit of a?
4
Let i(c) = 276*c + 13. What is the hundreds digit of i(2)?
5
Let v be (-4 - (-48 + 2))/1. Let p be 114/v + (-6)/(-21). Suppose 0 = -5*d - 2*r + 286, 0 = -3*d - p*r + 56 + 121. What is the units digit of d?
6
Let a(o) = o**2 + 6*o + 1. Let j be a(-6). Let r be -3*(21/(-9) - j). Suppose 9 = x - r. What is the units digit of x?
9
Let s(y) = y**3 - 16*y**2 - 33*y + 9. Let g be s(18). Suppose g + 177 = 8*k. What is the units digit of k?
0
Let a(g) = -21*g - 4. Let q be a(-5). Let n be ((-175)/10 - -7)*(-60)/9. Let x = q - n. What is the tens digit of x?
3
What is the units digit of (2 - 0) + -8 + 9?
3
Suppose -34*s = -18*s - 52816. What is the hundreds digit of s?
3
Let h = 12 - 10. What is the tens digit of -11 - -87 - 6/h?
7
Let o(c) = -25*c**3 - 4*c**2 + 5*c + 24. What is the units digit of o(-3)?
8
Let h = 1103 - 234. What is the units digit of h?
9
Let p(g) = -g**2 - 9*g - 6. Suppose 27 = -4*z + 5*a, 0*a = -4*a - 4. Let l be p(z). Suppose -l = -3*f + 1. What is the units digit of f?
1
What is the tens digit of (2889/18 + -2)*4*1?
3
Suppose -4*g = 4*a - 8, 5*g = -3*a + 5 - 1. What is the hundreds digit of (-3836)/(-21) - 1/3*g?
1
Let p(s) = 7*s**3 - 5*s**2 - 3*s + 4. Let c(t) = -8*t**3 + 6*t**2 + 2*t - 5. Let a(l) = -2*c(l) - 3*p(l). What is the units digit of a(-3)?
5
Let p(v) = -2*v**3 - 4*v**2 - 6*v - 7. Let y be p(-2). Suppose -y*z + 70 = -230. What is the tens digit of z?
6
Let i(v) = v**3 + v**2 + 6. Let q(m) = -2*m**3 - 3*m**2. Let w be q(-2). What is the units digit of i(w)?
6
Suppose 0 = -2*b + 10 + 6. Let w = b + -18. What is the units digit of (8/6)/(w/(-15))?
2
Let z = 69 - 60. Suppose z*b - 160 = 1379. What is the hundreds digit of b?
1
Let d = 27 - 17. Suppose 4*n + d = -5*x, -5*x - 1 + 26 = -3*n. Suppose y + 9 = 4*h, -x*y + y + 2*h = -1. What is the tens digit of y?
1
Suppose -18*s + 23*s - 31520 = 3*w, 4*s - 5*w = 25216. What is the units digit of s?
4
Let n(i) = -i**3 - 9*i**2 + 7*i - 5. Let z = -14 + 23. Suppose -5*u = -z*u - 40. What is the units digit of n(u)?
5
Let s(f) = 6*f**2 - 1. Let a be s(1). Suppose -321 = -a*i - 21. Suppose -5*n + i = -55. What is the units digit of n?
3
Let j(n) = n**2 - 8*n - 6. Let f(p) = 10*p**2 + 2*p + 1. Let w be f(-1). Let t be j(w). Suppose -t*s + 0 = -15. What is the units digit of s?
5
Suppose 6 = r + 2. Let t(w) = -2 + 1 + w - 2 + r + 15*w**2. What is the units digit of t(-1)?
5
Suppose -5*s = -s. Let r be (3 - 3) + -9 + s. What is the tens digit of (6/r)/(4/(-150))?
2
What is the tens digit of 759255/441 + (1 - (-2)/(-3))?
2
Suppose 0 = -2*f + 5*d + 3501, -4764 = 4*f + d - 11799. What is the hundreds digit of f?
7
Suppose 0 = 6*v - 4081 + 931. What is the tens digit of v?
2
Suppose -5*j + m = -18, 9 - 23 = -3*j - m. What is the tens digit of -8*(50/j)/(-5)?
2
Let q(c) = -c**3 - 3*c**2 + 2*c + 4. Let g = 43 - 23. Let l be 34/(-9) + g/(-90). What is the units digit of q(l)?
2
Let q(b) = b**3 + 10*b**2 - b - 12. Let i be q(-9). Let n = i - 30. Let w = -30 + n. What is the units digit of w?
8
Suppose 5*v - 25 = 0, -2*z = 3*v - 2690 - 2161. What is the thousands digit of z?
2
What is the tens digit of 356 - (-13)/(-26)*(1 - 7)?
5
Let n(x) = -x**3 + 28*x**2 + 7*x + 5. What is the hundreds digit of n(28)?
2
Let r be 0/(2 - 3) - -4. Suppose r*v + v = 5. What is the units digit of v?
1
Suppose 18*n - 7065 - 2439 = 0. What is the units digit of n?
8
Let p = 34 - 34. What is the tens digit of -2 - p - (1 - 47)?
4
Suppose -3*s - 4*p + 173 = 2*s, -3*s = 5*p - 109. Let z = s + 11. What is the tens digit of z?
4
Let p = 29 + -19. Let v(g) = g**3 - 9*g**2 - 7*g - 11. What is the tens digit of v(p)?
1
Suppose -2*g - 88 = -424. What is the tens digit of g?
6
Let x = -1905 - -2699. What is the hundreds digit of x?
7
Let d be ((-3)/(-9))/((-3)/(-27)). Let m be d + 0 + -8 + -97. What is the units digit of m/(-30) + (-6)/(-10)?
4
Let d = 121 + -127. Let s(g) = g**2 + g + 5. What is the tens digit of s(d)?
3
Let n = -10473 + 15935. What is the hundreds digit of n?
4
Let s be 10/(-4)*8816/(-95). Suppose 4*z = -3*o + s, -z = 2*o + 4*z - 164. What is the units digit of o?
2
Let o = -8 - 35. Let y = -145 - o. What is the tens digit of y/2*2/(-6)?
1
Let n(k) = -2272*k + 27. What is the thousands digit of n(-1)?
2
Suppose -3*q - 27 = 132. Suppose -47 + 126 = d. Let k = d + q. What is the tens digit of k?
2
Let u = 3 - 5. Let a(t) = -t**2 + 1. Let h(l) = -6*l**2 - l + 7. Let x(r) = -14*a(r) + 2*h(r). What is the units digit of x(u)?
2
Suppose 5*u - 2112 = -2*c, 23*c + 4252 = 27*c - 4*u. What is the hundreds digit of c?
0
Let s = -2287 + 4483. What is the hundreds digit of s?
1
Let o = 2982 - 1984. What is the hundreds digit of o?
9
Suppose -42*a - 46885 = -125929. What is the thousands digit of a?
1
Let b = 125 - 125. Suppose -a + 5*r = -256, b = -3*a - 0*r - 3*r + 678. What is the hundreds digit of a?
2
Suppose 2 = 3*z - 13. Suppose 4 = 2*x - z*u + 6, -x = u - 6. Suppose 5*h - r + x*r - 55 = 0, 3*h - 3*r - 57 = 0. What is the tens digit of h?
1
Let x(p) = -31*p - 43. Let n be x(-8). Suppose -4*f + 5*j = 6*j - 885, 3*j + n = f. What is the tens digit of f?
2
Let c(x) = 0*x + x - 8*x + 23 - 3*x. What is the tens digit of c(-7)?
9
Suppose -6*l = -11*l - 5. What is the tens digit of 58 + -5 + (l - -5)?
5
Let z(v) be the third derivative of -v**5/30 - 19*v**4/24 + v**3/2 - 7*v**2. What is the tens digit of z(-8)?
2
Suppose -29 = -3*p + r, 5*r + 3 = -p + 2. What is the units digit of (78/(-4))/(p/(-24))?
2
Let i = -25 - -33. What is the units digit of i?
8
Suppose 0 = 11*c - 10*c - 505. What is the tens digit of c?
0
Suppose 2*h = 5*q - 18404, 0 = q + 7*h - 2*h - 3697. What is the tens digit of q?
8
What is the tens digit of (272/(-48))/((-5)/15)?
1
Let o be (2/3)/((-36)/(-162)). Suppose -w + o*u + 27 = 0, -5*u = 4*w - 3*w - 59. What is the units digit of w?
9
Suppose -4 = 2*w - 8. Let h(d) = -7*d**2 + 5*d - 4. Let s be h(w). Let z = s - -33. What is the tens digit of z?
1
Suppose -4*i = -133 + 117. Suppose 0 = -5*l - 4*u + 904, 0 = -i*u - u - 20. What is the tens digit of l?
8
Suppose 2*t = -2*t. Let w(j) = -j**2 - j +